at are the prime factors of 5138?
2, 7, 367
List the prime factors of 13011.
3, 4337
List the prime factors of 4175.
5, 167
What are the prime factors of 244?
2, 61
What are the prime factors of 13475?
5, 7, 11
What are the prime factors of 1759?
1759
List the prime factors of 639.
3, 71
List the prime factors of 13808.
2, 863
What are the prime factors of 74665?
5, 109, 137
List the prime factors of 2973.
3, 991
What are the prime factors of 50295?
3, 5, 7, 479
List the prime factors of 136231.
59, 2309
What are the prime factors of 810?
2, 3, 5
List the prime factors of 81032.
2, 7, 1447
List the prime factors of 13069.
7, 1867
List the prime factors of 546.
2, 3, 7, 13
What are the prime factors of 18613?
7, 2659
What are the prime factors of 4017?
3, 13, 103
What are the prime factors of 1492?
2, 373
What are the prime factors of 52355?
5, 37, 283
List the prime factors of 2461.
23, 107
List the prime factors of 33303.
3, 17, 653
List the prime factors of 39872.
2, 7, 89
List the prime factors of 901.
17, 53
What are the prime factors of 4524?
2, 3, 13, 29
What are the prime factors of 2630?
2, 5, 263
List the prime factors of 3450.
2, 3, 5, 23
What are the prime factors of 4788?
2, 3, 7, 19
List the prime factors of 802.
2, 401
What are the prime factors of 1111?
11, 101
What are the prime factors of 37?
37
List the prime factors of 1988.
2, 7, 71
What are the prime factors of 236?
2, 59
What are the prime factors of 6185?
5, 1237
List the prime factors of 32546.
2, 16273
What are the prime factors of 4727?
29, 163
List the prime factors of 1223.
1223
List the prime factors of 3112.
2, 389
List the prime factors of 23969.
11, 2179
What are the prime factors of 13808?
2, 863
List the prime factors of 55924.
2, 11, 31, 41
What are the prime factors of 1046?
2, 523
What are the prime factors of 25469?
25469
What are the prime factors of 36536?
2, 4567
List the prime factors of 38814.
2, 3, 6469
What are the prime factors of 541?
541
List the prime factors of 22687.
7, 463
What are the prime factors of 83545?
5, 7, 11, 31
What are the prime factors of 5771?
29, 199
List the prime factors of 255.
3, 5, 17
List the prime factors of 6612.
2, 3, 19, 29
What are the prime factors of 5299?
7, 757
What are the prime factors of 14812?
2, 7, 23
List the prime factors of 1681.
41
What are the prime factors of 50812?
2, 12703
List the prime factors of 43186.
2, 11, 13, 151
List the prime factors of 4866.
2, 3, 811
List the prime factors of 13364.
2, 13, 257
List the prime factors of 13666.
2, 6833
List the prime factors of 4868.
2, 1217
What are the prime factors of 661?
661
List the prime factors of 92699.
92699
What are the prime factors of 382?
2, 191
What are the prime factors of 1581?
3, 17, 31
What are the prime factors of 464?
2, 29
List the prime factors of 2936.
2, 367
What are the prime factors of 16368?
2, 3, 11, 31
What are the prime factors of 5641?
5641
List the prime factors of 1758.
2, 3, 293
What are the prime factors of 1963?
13, 151
What are the prime factors of 1427?
1427
What are the prime factors of 7573?
7573
What are the prime factors of 132?
2, 3, 11
List the prime factors of 1104.
2, 3, 23
List the prime factors of 472.
2, 59
List the prime factors of 58138.
2, 41, 709
List the prime factors of 1703.
13, 131
What are the prime factors of 2984?
2, 373
What are the prime factors of 92548?
2, 17, 1361
List the prime factors of 19752.
2, 3, 823
What are the prime factors of 34631?
34631
List the prime factors of 13538.
2, 7, 967
List the prime factors of 1974.
2, 3, 7, 47
What are the prime factors of 3888?
2, 3
List the prime factors of 6128.
2, 383
What are the prime factors of 1015?
5, 7, 29
What are the prime factors of 3552?
2, 3, 37
List the prime factors of 175800.
2, 3, 5, 293
What are the prime factors of 475?
5, 19
List the prime factors of 18265.
5, 13, 281
What are the prime factors of 11645?
5, 17, 137
What are the prime factors of 1842?
2, 3, 307
What are the prime factors of 2594?
2, 1297
What are the prime factors of 26267?
26267
List the prime factors of 5776.
2, 19
List the prime factors of 3553.
11, 17, 19
List the prime factors of 1006.
2, 503
What are the prime factors of 142359?
3, 7, 6779
What are the prime factors of 6438?
2, 3, 29, 37
What are the prime factors of 14571?
3, 1619
List the prime factors of 32875.
5, 263
List the prime factors of 20850.
2, 3, 5, 139
List the prime factors of 10957.
10957
What are the prime factors of 7261?
53, 137
What are the prime factors of 40103?
7, 17, 337
List the prime factors of 51168.
2, 3, 13, 41
What are the prime factors of 1237?
1237
List the prime factors of 40991.
179, 229
List the prime factors of 446.
2, 223
List the prime factors of 99610.
2, 5, 7, 1423
List the prime factors of 2054.
2, 13, 79
List the prime factors of 61121.
61121
List the prime factors of 62791.
62791
What are the prime factors of 2173?
41, 53
List the prime factors of 25829.
23, 1123
What are the prime factors of 30856?
2, 7, 19, 29
What are the prime factors of 116?
2, 29
List the prime factors of 12966.
2, 3, 2161
List the prime factors of 3687.
3, 1229
List the prime factors of 3050.
2, 5, 61
What are the prime factors of 17450?
2, 5, 349
List the prime factors of 7793.
7793
List the prime factors of 13690.
2, 5, 37
What are the prime factors of 21?
3, 7
List the prime factors of 3.
3
List the prime factors of 1366.
2, 683
List the prime factors of 472.
2, 59
What are the prime factors of 4519?
4519
What are the prime factors of 26481?
3, 7, 13, 97
List the prime factors of 79980.
2, 3, 5, 31, 43
List the prime factors of 4793.
4793
List the prime factors of 54188.
2, 19, 23, 31
List the prime factors of 63858.
2, 3, 29, 367
List the prime factors of 11075.
5, 443
What are the prime factors of 19546?
2, 29, 337
List the prime factors of 2019.
3, 673
What are the prime factors of 9852?
2, 3, 821
List the prime factors of 484.
2, 11
List the prime factors of 78185.
5, 19, 823
What are the prime factors of 5116?
2, 1279
List the prime factors of 1835.
5, 367
List the prime factors of 9582.
2, 3, 1597
List the prime factors of 264.
2, 3, 11
What are the prime factors of 18555?
3, 5, 1237
List the prime factors of 18553.
18553
What are the prime factors of 7848?
2, 3, 109
What are the prime factors of 984?
2, 3, 41
List the prime factors of 16335.
3, 5, 11
List the prime factors of 116991.
3, 7, 619
What are the prime factors of 42039?
3, 173
List the prime factors of 172.
2, 43
List the prime factors of 54005.
5, 7, 1543
List the prime factors of 5855.
5, 1171
List the prime factors of 1211.
7, 173
What are the prime factors of 10884?
2, 3, 907
List the prime factors of 19474.
2, 7, 13, 107
List the prime factors of 207.
3, 23
List the prime factors of 3756.
2, 3, 313
What are the prime factors of 168779?
13, 12983
List the prime factors of 13359.
3, 61, 73
List the prime factors of 17935.
5, 17, 211
List the prime factors of 152.
2, 19
What are the prime factors of 40845?
3, 5, 7, 389
List the prime factors of 6146.
2, 7, 439
List the prime factors of 17095.
5, 13, 263
List the prime factors of 75.
3, 5
List the prime factors of 121066.
2, 11, 5503
List the prime factors of 162511.
163, 997
List the prime factors of 177740.
2, 5, 8887
What are the prime factors of 36742?
2, 18371
List the prime factors of 29381.
11, 2671
What are the prime factors of 2348?
2, 587
What are the prime factors of 2946?
2, 3, 491
List the prime factors of 595.
5, 7, 17
List the prime factors of 160.
2, 5
List the prime factors of 37429.
7, 5347
List the prime factors of 1593.
3, 59
What are the prime factors of 5398?
2, 2699
List the prime factors of 3640.
2, 5, 7, 13
List the prime factors of 4178.
2, 2089
What are the prime factors of 2350?
2, 5, 47
List the prime factors of 3231.
3, 359
What are the prime factors of 2104?
2, 263
What are the prime factors of 24294?
2, 3, 4049
What are the prime factors of 1744?
2, 109
List the prime factors of 1877.
1877
List the prime factors of 33901.
7, 29, 167
List the prime factors of 2475.
3, 5, 11
What are the prime factors of 39215?
5, 11, 23, 31
List the prime factors of 1093.
1093
What are the prime factors of 4611?
3, 29, 53
List the prime factors of 84431.
